he first derivative of h**2 - 6*h + 1308. Give s(p).
2
Let k = -1 - 7. Let w(l) = l**2 - 6*l + 10. Let z(i) = 2*i**2 - 6*i + 11. Let m(d) = 3*w(d) - 2*z(d). Determine m(k).
-8
Let b(c) be the third derivative of -c**5/30 - 5*c**4/6 - 3*c**3 + 419*c**2 + c. What is b(-9)?
0
Let c(k) be the first derivative of -1/2*k**2 + 1/3*k**3 - 3*k - 20. Calculate c(-3).
9
Let z = 8 - 2. Let x(q) be the first derivative of -q**3/3 - q**2/2 + q - 46. Let m(i) = i**3 - 2*i**2 + 11*i - 12. Let w(p) = -m(p) - 5*x(p). What is w(z)?
7
Let v(u) be the first derivative of -u**2/2 + 2*u + 3. Let n be v(5). Let y(l) = l**3 + 4*l**2 + 3*l - 5. Let q(d) = -1. Let z(p) = -2*q(p) + y(p). Give z(n).
-3
Let j = 441 - 434. Let i(w) = 2*w**2 - 15*w + 10. Calculate i(j).
3
Let a(x) = 3*x**3 - 51*x**2 - 121*x + 16. Let i(t) = 2*t**3 - 34*t**2 - 81*t + 11. Let f(s) = -5*a(s) + 7*i(s). What is f(19)?
-3
Suppose -v - 1 = 4*s, 6 = 2*v + 4*s + 4. Let d(o) be the second derivative of 3/2*o**2 - 2/3*o**v - o + 0 - 1/12*o**4 + 1/10*o**5. Give d(2).
7
Suppose 0*q - 4*o - 801 = -5*q, -5*o = 5*q - 810. Let n(p) = -164*p - 4 + 8 + q*p. Suppose 6 = f + 3. Determine n(f).
-5
Let l(g) = -4*g**3 - g**2 + 4*g + g**3 - 3*g. Let u be (3/(-6))/((-2)/16). Suppose 2*o - u = -2. Calculate l(o).
-3
Let y(n) = 1182 - 11*n - 586 - 591 + 2*n + 2*n**2. Determine y(3).
-4
Let m(f) = -5*f**2 - 4*f - 2. Let v(t) = 6*t**2 + 4*t + 3. Let w(q) = -5*m(q) - 4*v(q). Let j(x) = 3*x**2 - 82*x - 244. Let h be j(30). Determine w(h).
-2
Let q(c) = c**3 + 15*c**2 + 6*c + 8. Let k(a) = a**2 + a - 1. Let g(b) = -4*k(b) + q(b). Calculate g(-11).
-10
Let o(r) be the third derivative of r**7/840 - r**6/60 + r**5/24 - r**4/8 + r**3 + 9*r**2. Let b(l) be the first derivative of o(l). Give b(5).
-3
Suppose 0 = b + 4, -p - b + 116 = -6*p. Let y = p - -14. Let g = -14 - y. Let d(v) = v**3 + 3*v**2 - 4*v + 2. Give d(g).
2
Let h(m) = m**3 + 3*m**2 - 2*m + 4. Let l(z) = 0 + 26*z + 3 - 29*z. Let j be l(2). What is h(j)?
10
Let d = 13 + -19. Let b(f) = -3*f - 27. Let u be b(-9). Let o(x) = 2*x + u + 5 + 2. Calculate o(d).
-5
Let z(g) be the second derivative of g**3/6 + g**2 - 8*g. Let a(t) = -t**3 + t**2 + t + 4. Let l be a(0). Let j be (10/15)/(l/(-30)). Determine z(j).
-3
Suppose 16*a - 33*a = 170. Let h(o) = o**3 + 11*o**2 + 10*o - 7. Give h(a).
-7
Let j(d) = 41*d + 1. Let v(f) = 2*f. Let i(h) = -j(h) + 6*v(h). Give i(-1).
28
Let t(b) = 5*b**3 + 13*b**3 + 10*b - 23*b**3 + 1 + 4*b**3 + 7*b**2. Suppose 7 = k - 1. Determine t(k).
17
Let c(g) = -g**2 - 5*g - 4. Let p(a) = -a**3 - 5*a + 14*a**2 - 23*a**2 + 0*a**3 - 49. Let x be p(-9). What is c(x)?
0
Let k(d) = 7*d**2 - 3*d + 16. Let z(n) = 3*n**2 - 2*n + 7. Let q(m) = -2*k(m) + 5*z(m). Suppose -2*i = 4 - 14. Determine q(i).
8
Let s(z) = -6*z**2 + 5*z**2 - 17*z + 23 + 12*z - 6. Give s(-7).
3
Suppose -14*y = -29*y. Let z(o) = -o - 8. Determine z(y).
-8
Let x(w) be the second derivative of -w**4/12 - 7*w**3/6 + 3*w**2/2 + w. Suppose -186*l - 7*l + 264 - 1615 = 0. What is x(l)?
3
Let k(f) = -5*f**2 + 7*f**2 - 9 - f**3 + 35*f + 6*f**2 + 21*f - 62*f. What is k(7)?
-2
Let a(w) = -246*w**3 + 5*w**2 + 125*w**3 - 6*w + 7 + 120*w**3 - 4. Give a(5).
-27
Let f(l) = -1. Let a(g) = -g - 2. Let v(i) = a(i) - 2*f(i). Let m = -6 + 10. Let w(u) = 5*u + 6. Let j(p) = m*v(p) + w(p). What is j(0)?
6
Suppose 364 = -67*u - 574. Let k(n) = n**3 + 15*n**2 + 17*n + 18. Give k(u).
-24
Suppose -5*y - 298 = 4*b, -y = -4*b + b - 214. Let c = -82 - b. Let p(i) = -i**2 - 9*i + 13. Calculate p(c).
3
Let x(g) = -g**3 - 6*g**2 - 5*g - 7. Suppose 7*y + 70 = -7*y. Give x(y).
-7
Let i(f) = -466689*f + 2*f**2 - 1 + 466689*f. Give i(-1).
1
Let t = 53 - 55. Let b(v) = v**2 + 2*v - 2. What is b(t)?
-2
Let h be ((-10)/120*-8)/((-2)/18). Let n(c) = -6*c + 7. Give n(h).
43
Let r(i) = -93*i - 2 + 137*i - 43*i. Let l(g) = g**2 - 5*g + 5. Let j be l(4). Let w be -1 + j/(1/5). What is r(w)?
2
Let x(v) = -v**2 + 14*v + 3. Let h be x(14). Let j(w) = 325 - 3*w**h - 324 - 9*w**3 - 2*w**2. Determine j(1).
-13
Let t(n) = -4*n - 9. Let f be t(-3). Let s(q) = f + 0*q + q**2 - 3*q + q**3 + 1 - 3. Give s(-3).
-8
Let t(s) be the third derivative of -s**5/60 + 3*s**4/8 - 11*s**3/6 + 5*s**2 - 4*s. Give t(6).
7
Let k(w) = w**3 + 7*w**2 + 4*w + 8. Let z(p) = -p**3 + 3*p**2 + 3*p + 7. Let r be z(4). Suppose -f - 8 = r*l - 2*l, l - 22 = 4*f. Calculate k(f).
20
Let b(n) be the third derivative of 0 + 1/6*n**3 - 3/8*n**4 + 0*n**5 + 0*n - 6*n**2 - 1/360*n**6. Let i(l) be the first derivative of b(l). Give i(0).
-9
Suppose -28 = 2*d - 30. Let s(v) = 8 + 0*v - 2 - v**2 - 3*v + d. What is s(-5)?
-3
Let u be ((-11)/11)/((-2)/(-14)). Let f(o) = -3*o + 6. Calculate f(u).
27
Let y(k) = -2 + 1 + 0*k + k - 2*k**2 + 2*k - 5*k - 10*k**3. Determine y(-1).
9
Suppose 2*h = -4*h + 6. Let b(f) = 477 + 475 - 951 - 2*f - 10*f**2 - 4*f**2. Calculate b(h).
-15
Suppose -r - 19 = 3*m, -6*r - m - 17 = -3*r. Suppose 4*j = 4 + 4. Let z(c) = j - 79*c**2 - 1 + 80*c**2 + 7*c. Give z(r).
-11
Let t(z) = -6*z - 4. Let a be (-1)/(-2) - ((-684)/(-24))/(-19). Calculate t(a).
-16
Let q(j) = j**2 + 13*j + 21. Let f be (-12)/144 + 143/(-12). Determine q(f).
9
Let r(s) = -s**2 + 2*s**2 + 247 + 5*s - 256 - 2*s**2. What is r(9)?
-45
Suppose -s = 5*t - 0 - 6, 0 = 2*s + 4*t - 12. Let m(u) = 9 - 1373*u - 1367*u + 2737*u. Determine m(s).
-9
Let v(p) = -p**2 - 11*p - 11. Let g(t) = -t**3 + 7*t**2 - 5*t - 14. Let f be g(6). Calculate v(f).
13
Let a(i) = 17*i + 16. Let r(o) = 5*o + 6. Let p(y) = -4*a(y) + 11*r(y). Give p(2).
-24
Suppose -d - 9 = -3*t - 0*t, 1 = 3*d - 2*t. Suppose 6*c - 5*c = -d. Let a(v) = 5*v**2 + 4*v - 1. Let i(o) = -o**2. Let m(g) = a(g) + 4*i(g). Determine m(c).
-4
Let j = 2 + -3. Let t = j + 1. Let x(v) = -v - 5. Let s(z) = 4*z + 32. Let u(p) = -s(p) - 5*x(p). Calculate u(t).
-7
Suppose -3*p = -3*f + p - 12, -4*f = 3*p + 16. Let a(u) = u**3 + 4*u**2 - 3*u + 2. What is a(f)?
14
Suppose 0 = -5*p, 3*w + 4 = -3*p + 1. Let u(q) = -3*q + 3*q + q. Let o(n) = 2*n - 1. Let r(s) = w*u(s) + o(s). Calculate r(0).
-1
Let o be -1 + 3 + 4/2. Let g(s) = -5*s + 3*s**2 + 5 - s**3 - s + o*s + s. Determine g(4).
-15
Let a = 14 - 24. Let o(l) = -5*l**2 + 10*l - 11. Let y(h) = -4*h**2 + 10*h - 10. Let z(s) = -5*o(s) + 6*y(s). Let j be z(a). Let d(k) = k + 1. Determine d(j).
-4
Let i(r) = 843*r - 418*r - 425*r + r**2 - 1. Let m = 3 + -3. Let w = m - -2. Give i(w).
3
Let z(n) = -4*n. Suppose -2*g + 83 + 25 = 0. Suppose -62 + g = 4*i. Determine z(i).
8
Let u(f) = f. Let w(x) = x. Let n(m) = -6*u(m) + 5*w(m). Suppose -7*j = -4*v - 9*j - 32, 2*j = -3*v - 23. What is n(v)?
9
Let y(m) = -2*m**2 - 8*m - 4. Let u be 3 - (4 - -3) - -7. Suppose u*z - 4*z = 3*g + 10, 2*g + 15 = z. Calculate y(g).
-14
Let c(m) = -3*m**3 - 231*m**2 + 110*m**2 + 121*m**2 + m - 1. Give c(1).
-3
Let d(u) = -5*u + 2. Let v be (-12)/42 + ((-136)/14 - 1). Let n(r) = -26*r + 9. Let w(p) = v*d(p) + 2*n(p). Determine w(5).
11
Let j(q) = -q**2 - 7*q + 4. Let t(b) = b**2 + 7*b - 3. Let x(n) = -4*j(n) - 5*t(n). Suppose 9*r = 3*r + 90. Suppose 6 = r*w - 16*w. Determine x(w).
5
Let j be (-1 - -2 - 2)*2. Let m(f) be the second derivative of -2*f**3/3 - f**2 + 13*f - 4. What is m(j)?
6
Let m = 85 + -91. Let r(y) be the second derivative of 1/12*y**4 - 3*y + 7/6*y**3 + 5/2*y**2 + 0. Calculate r(m).
-1
Let u(y) = -2*y**3 - 9*y**2 - 8*y - 3. Let b(d) = d**3 + d**2 + 1. Let h(v) = 3*b(v) + u(v). Suppose -4*i + 9*i - 3*k - 23 = 0, 4*k = -i + 23. Determine h(i).
-7
Suppose -2589*q = -2588*q + 15. Let p(i) = i**3 + 13*i**2 - 31*i - 16. What is p(q)?
-1
Suppose -6 + 2 = -4*s. Let k(i) = -i**2 + s - 2*i**2 + 4*i + 2*i**2 + 0*i**2. Let v = 12 + -7. Give k(v).
-4
Let b = 11 + -8. Let h(l) = b*l**2 + 0*l - l**2 + l**3 - l. Let m(n) = -26*n**2 + 908*n + 71. Let w be m(35). Determine h(w).
2
Let h(x) = -14*x**2 - 12*x - 7. Let f(u) = 5*u**2 + 4*u + 2. Suppose 11 = -3*g - y, -3*g + 2*y - 24 = -10. Let v(p) = g*h(p) - 11*f(p). Calculate v(-5).
11
Let t(c) = 23*c**3 + c**2 - c - 1. Suppose -2*b - 13 + 7 = 0, 3*z - 5*b = 12. Determine t(z).
-22
Let o(m) be the second derivative of m**4/12 + m**3/6 + 5*m**2/2 + 3*m. Let h = 508 + -512. Determine o(h).
17
Let l = -39 + 52. Let z be 4/26 - (2 + (-63)/l). Let u(g) = -g**2 + g + 1. Determine u(z).
-5
Let a(c) = 